{"id":1044,"date":"2026-09-05T05:17:44","date_gmt":"2026-09-05T05:17:44","guid":{"rendered":"https:\/\/sebastian-schaub.de\/?sunflower_event=kinotreff-was-haben-wir-gelacht"},"modified":"2026-09-05T05:17:44","modified_gmt":"2026-09-05T05:17:44","slug":"kinotreff-was-haben-wir-gelacht","status":"publish","type":"sunflower_event","link":"https:\/\/sebastian-schaub.de\/?sunflower_event=kinotreff-was-haben-wir-gelacht","title":{"rendered":"Kinotreff &#8222;Was haben wir gelacht&#8220;"},"content":{"rendered":"<p class=\"wp-block-paragraph\">Gemeinsamer Kinoabend mit anschlie\u00dfendem Austausch<br \/>\nAm 13.09. um 17.30h l\u00e4uft im Limburger Cineplex der Film &#8222;Was haben wir gelacht&#8220;. Kosten 5 Euro pro Ticket. Anschlie\u00dfend gehen wir zum Mexikaner nebenan. 10 Tickets \ud83c\udf9f\ufe0f sind reserviert. Wer kommt mit? <br \/>\nAnmeldungen m\u00f6glich an partei@gruene-limburg-weilburg.de<\/p>","protected":false},"excerpt":{"rendered":"<p>Gemeinsamer Kinoabend mit anschlie\u00dfendem Austausch Am 13.09. um 17.30h l\u00e4uft im Limburger Cineplex der Film &#8222;Was haben wir gelacht&#8220;. Kosten 5 Euro pro Ticket. Anschlie\u00dfend gehen wir zum Mexikaner nebenan. [&hellip;]<\/p>\n","protected":false},"author":0,"featured_media":0,"comment_status":"closed","ping_status":"closed","template":"","sunflower_event_tag":[],"class_list":["post-1044","sunflower_event","type-sunflower_event","status-publish","hentry"],"_links":{"self":[{"href":"https:\/\/sebastian-schaub.de\/index.php?rest_route=\/wp\/v2\/sunflower_event\/1044","targetHints":{"allow":["GET"]}}],"collection":[{"href":"https:\/\/sebastian-schaub.de\/index.php?rest_route=\/wp\/v2\/sunflower_event"}],"about":[{"href":"https:\/\/sebastian-schaub.de\/index.php?rest_route=\/wp\/v2\/types\/sunflower_event"}],"replies":[{"embeddable":true,"href":"https:\/\/sebastian-schaub.de\/index.php?rest_route=%2Fwp%2Fv2%2Fcomments&post=1044"}],"wp:attachment":[{"href":"https:\/\/sebastian-schaub.de\/index.php?rest_route=%2Fwp%2Fv2%2Fmedia&parent=1044"}],"wp:term":[{"taxonomy":"sunflower_event_tag","embeddable":true,"href":"https:\/\/sebastian-schaub.de\/index.php?rest_route=%2Fwp%2Fv2%2Fsunflower_event_tag&post=1044"}],"curies":[{"name":"wp","href":"https:\/\/api.w.org\/{rel}","templated":true}]}}

<p class="wp-block-paragraph">Gemeinsamer Kinoabend mit anschließendem Austausch<br />
Am 13.09. um 17.30h läuft im Limburger Cineplex der Film &#8222;Was haben wir gelacht&#8220;. Kosten 5 Euro pro Ticket. Anschließend gehen wir zum Mexikaner nebenan. 10 Tickets 🎟️ sind reserviert. Wer kommt mit? <br />
Anmeldungen möglich an partei@gruene-limburg-weilburg.de</p>

<p>Gemeinsamer Kinoabend mit anschließendem Austausch Am 13.09. um 17.30h läuft im Limburger Cineplex der Film &#8222;Was haben wir gelacht&#8220;. Kosten 5 Euro pro Ticket. Anschließend gehen wir zum Mexikaner nebenan. [&hellip;]</p>
